et r be 3/(g - 15/12). What is b(r)?
7
Let q(x) = 2*x + 5. Let w(p) = -p - 5. Let j = -6 - -3. Let z(n) = j*w(n) - 2*q(n). What is z(4)?
1
Suppose -4*w + 29 + 67 = 0. Suppose -5*q = 15, -3*q + q + w = 5*f. Let o(j) = 2*j - 6. Give o(f).
6
Let i = -5 + 6. Let d(v) = i + 0 - v**2 + v**3 - 4*v + 0*v**3. What is d(3)?
7
Let r(o) be the second derivative of -1/720*o**6 + 1/12*o**4 + 0*o**5 - 2*o + 0 + 0*o**3 + 0*o**2. Let y(l) be the third derivative of r(l). Give y(-2).
2
Let y(x) = x**3 + x**2 - x. Let i(t) = -6*t**2 + 6*t - 3. Let f(u) = -i(u) - 2*y(u). Let p(s) = -s + 1. Let b be p(-1). Determine f(b).
-5
Suppose -2*d + 5*h = 6*h + 8, d = h - 4. Let t(x) be the second derivative of -x**4/12 - x**3/2 + x**2/2 + x. Determine t(d).
-3
Let b(j) = 2*j**3 + 1 - 6*j**3 - 162*j + 2*j**2 + 160*j. What is b(1)?
-3
Let d be ((-6)/(-9))/((-4)/(-30)). Suppose -2*h = -d*h + 6. Suppose 5*y = h*k + 7, -5*k - 2*y = -0*y + 3. Let g(s) = -3*s**3 - 1. What is g(k)?
2
Suppose 0 = -y + 7 + 3. Let l(a) = -a**3 - a**2 + 2*a + 3. Let q be l(-2). Suppose 2*o + g + g = -10, 0 = 2*o - q*g - y. Let u(x) = -4*x - 1. What is u(o)?
3
Suppose t + t = 6. Let d(b) = 9*b + 2. Let c(f) = -5*f - 1. Let o(v) = -11*c(v) - 6*d(v). Give o(t).
2
Let v(d) = 12*d**2 - 5*d. Let p(g) = -g. Let i(z) = 6*p(z) - v(z). Give i(-1).
-11
Let x = 12 + -13. Let n(v) = -2*v**2 + v + 1. Calculate n(x).
-2
Let z(o) = -82*o - 2 - 9 + 81*o. Calculate z(-5).
-6
Let h(o) be the second derivative of o**5/20 - o**4/12 - o**3/3 - 3*o**2/2 - 8*o. Let y be (-2 + 1)*(1 + -4). Let a(u) = u - 5. Let s be a(y). Calculate h(s).
-11
Let n = 4 + -1. Suppose -r - n = -0*r. Let m(s) = 3*s. Give m(r).
-9
Let f(d) = -7*d**3 - d**2 + d + 1. Suppose 2*r = -u + 1 + 1, 4*r = 3*u - 16. Determine f(r).
6
Let g(p) = -21*p + 12*p + p**2 - 36 + 38. Calculate g(10).
12
Let n(p) = 0*p + 5*p**2 - 4*p**2 - 2*p**2 - 7*p. Suppose 0 = y - 0 + 5. Calculate n(y).
10
Let m(j) = j**3 - 6*j**2 + 5*j - 4. Suppose 4*z = 2*t - 8 - 12, -3*t - z = 5. Let c be (-2)/5*5*-1. Suppose -c*r + t*r + 6 = -h, h - 14 = -2*r. What is m(r)?
-4
Suppose -m = -4*w + 14, -w - 4*w - 2*m + 11 = 0. Let j(s) = 5*s + 1. Give j(w).
16
Let h(l) = -l**3 - 4*l**2 + 3*l + 6. Let b(x) = -x**3 - 4*x**2 + 4*x + 7. Let a(g) = -6*b(g) + 7*h(g). Suppose 3*o + 12 = -o. Give a(o).
0
Let o be 4*(5 - (-19)/(-4)). Let q(l) = 17*l**2 - 6*l + 6. Let n(d) = d**2 - d + 1. Let x(z) = 5*n(z) - q(z). Give x(o).
-12
Let s be ((-30)/5 + 4)*1. Let y(c) = 7*c + 2. Give y(s).
-12
Let x(b) = b. Let p(w) = -4*w + 1. Let q(s) = -2*s. Let r(z) = 4*p(z) - 7*q(z). Let l be r(5). Give x(l).
-6
Let n(r) = 3*r + 2. Let w be n(-4). Let d = -8 - w. Suppose d*a = 6*a + 20. Let z(q) = q + 6. Determine z(a).
1
Let w(n) = -n**3 - 4*n**2 + n - 1. Let p be w(-4). Let j(o) = o**3 + 5*o**2 + 3*o + 7. Determine j(p).
-8
Let d(x) = x + 0 + 0*x + 5. Let g be (15/(-6))/(3/6). Determine d(g).
0
Let o(v) = 2*v**2 + v**3 + v + 2*v**2 - 1 - 2. Suppose 0 = -3*s - 14 + 5. Let u be o(s). Let g(k) = -k**2 + 2*k + 1. Give g(u).
-2
Let d(f) = f**2 + 1. Let n(c) = 2*c**2 + c + 3. Let v(q) = -13*d(q) + 6*n(q). Calculate v(6).
5
Let i = 5 + -15. Let m = i - -7. Let w(p) = -p. Give w(m).
3
Let w(d) = d + 1. Let k(i) = -3*i - 3. Let o(t) = -k(t) - 2*w(t). Let g(s) = s**3 - 3*s**2 + 2*s. Suppose -m = -0 - 2. Let l be g(m). Give o(l).
1
Suppose 2*w + 13 - 3 = 0. Let t(m) be the second derivative of -m**2 - m - 1/3*m**3 + 0. Give t(w).
8
Let s(t) = -t**2 + 2*t**2 + 4*t**2 - 4*t**2 - 4*t. Calculate s(5).
5
Let r(l) = -l**3 + 5*l**2 + 3. Let n be r(5). Let q(o) be the second derivative of -2*o + 1/6*o**n + o**2 + 0. What is q(0)?
2
Let l be (-1)/2 + (-10)/(-4). Let h be 1 - 3/(-2)*l. Let i(j) = j**2 - j + 4. Let s(d) = 3*d**2 - 2*d + 11. Let u(a) = 7*i(a) - 2*s(a). Give u(h).
10
Suppose -5*k + 25 = -5*b, 0*k + 5*b + 5 = k. Let y(j) be the third derivative of j**6/120 - j**5/12 - j**3 - j**2. What is y(k)?
-6
Let s(q) = -3*q**2 - 7*q - 2 - 3*q**2 + 5*q**2. Determine s(-7).
-2
Let c(p) = -p**3 - 3*p**2 + 2*p - 2. Let f be c(-4). Suppose 29 = f*q - q + 2*v, -2*v + 14 = 2*q. Let o = 5 - q. Let u(h) = h + 3. Calculate u(o).
3
Let u(k) be the third derivative of k**4/24 - k**3/3 + 3*k**2. Let b = -4 - -8. What is u(b)?
2
Let d be (-1)/(-8) - 2/16. Let p(x) = -x**2 - x + 1. Calculate p(d).
1
Let s(b) be the third derivative of b**8/20160 + b**7/1260 - b**6/240 - b**5/30 - 2*b**2. Let z(o) be the third derivative of s(o). Determine z(-5).
2
Let o(q) = q**3 - 2*q**2 + q - 2. Let w(j) = j - 6. Let n be w(8). Determine o(n).
0
Let o(m) be the third derivative of m**5/60 - m**4/24 - m**3/3 - 2*m**2. Let q be (1 - 5/(-10))*(0 - -2). Give o(q).
4
Suppose -5*r + 9 = 4*n - 4*r, -4*n = -2*r - 6. Let o(s) = s**2 + 3*s - 11 - n*s**2 + 9. Give o(2).
0
Let o(i) = -i**2 - 7*i - 5. Let f = -74 - -68. Determine o(f).
1
Let s(l) = -l**2 - 2*l. Suppose 0 = -2*t + r + 2, -4 = -3*t + 2*t - r. What is s(t)?
-8
Let q(y) = y - 19. Let r(o) = -o + 9. Let u(w) = 2*q(w) + 5*r(w). Give u(-5).
22
Let v(c) = 0*c**3 + 100 - c**3 - 106 + c**2. What is v(0)?
-6
Let z(y) = y**3 - 6*y**2 - 4*y - 2. Let c(w) = -3*w**3 + 13*w**2 + 9*w + 4. Let d(i) = 2*c(i) + 5*z(i). Let l(g) = -g**2 - g - 3. Let t be l(0). Calculate d(t).
-5
Let q(t) = 1 - 1 + 26*t - 30*t - 2*t**2 - 3. Let g(f) = -4*f**2 - 7*f - 5. Let p(i) = 3*g(i) - 5*q(i). Calculate p(-2).
-6
Let t(l) = 4*l - 6. Let f be t(5). Let d be f/8 + 1/4. Let k(q) = -d*q + q + 0*q. Determine k(-4).
4
Suppose 2*n = 3*n - 3. Let v(i) = i + n + 0*i - 3*i. Let a(h) = -h + 1. Let y be a(-2). What is v(y)?
-3
Let j(h) = -h. Let p(s) = 2*s. Let i(g) = -j(g) - p(g). Determine i(-3).
3
Let o(y) = 3*y**2 + 14*y - 6. Let p(j) = j**2 + 5*j - 2. Let z(i) = 2*o(i) - 7*p(i). Calculate z(-6).
8
Let w(b) = -6 - 4*b**3 - 27*b + 3*b**3 + 19*b - 4*b**2 - 3*b**2. Determine w(-6).
6
Let y(z) = -z**2 + 3*z + 1. Let p = 0 + 6. Suppose 4*i - 14 = p. Give y(i).
-9
Let i(g) = 2*g - 2. Let s be 2/(-2) + -2 + -4. Let q(h) = -4*h + 5. Let b(n) = s*i(n) - 3*q(n). Give b(-4).
7
Let n(m) = -4*m**3 + 3*m**2 + 5. Let q(o) = -9*o**3 + 7*o**2 + 10. Let t(u) = -7*n(u) + 3*q(u). Let z = 5 - 5. Give t(z).
-5
Suppose n = -2*g - 1, -4*g + 19 = -9*g + 3*n. Let b be -3 + -4*g/8. Let i(l) = -3*l. What is i(b)?
6
Let q(d) = -1 - 2*d**2 - 1 - 1 + 3*d**2. What is q(0)?
-3
Let v be (-38)/(-8) - (-1)/4. Suppose 0 = v*p - 4*o + 5*o - 1, -5*p - 4 = -4*o. Let z(j) = -j**3 + 0*j**3 - 1 + 3. Calculate z(p).
2
Let u(y) be the first derivative of 3*y**2 + 2. What is u(1)?
6
Let l(n) = 1 - n - 2 + 6*n - n**2. Let q be l(4). Suppose -6 = 5*y - 0*d + 2*d, -9 = -y + q*d. Let o(t) = t + 4. What is o(y)?
4
Let j(m) = m. Let k = -5 - -10. Suppose -4 = -k*c + 6. Give j(c).
2
Let j = -60 - -68. Let l(z) = z**2 - 6*z - 9. Give l(j).
7
Suppose -h = 2*h - 3*z - 24, 0 = -2*h + 5*z + 31. Let j = 10 + -6. Let w(f) = f**2 + 4 - f**h - 7*f + f**2 + j*f**2. Give w(5).
-6
Let b be 3/2 + 1/(-1). Let u(g) be the first derivative of -1 - b*g**2 + g. What is u(-5)?
6
Suppose 0*s - 4 = -s. Let v(c) = -c + 4. What is v(s)?
0
Let s(g) be the third derivative of 0*g + 0*g**5 - 1/24*g**4 - 7/120*g**6 + 0*g**3 + 0 + 5*g**2. Determine s(1).
-8
Suppose 3*o = -2*o - 130. Let z be o/6 + 2/6. Let b(m) = m - 2. What is b(z)?
-6
Let o(x) = -x**3 - 2*x**2 - 3*x - 2. Let i(a) = a**3 + 12*a**2 - 12*a + 10. Let u be i(-13). Determine o(u).
16
Let l(h) be the second derivative of h**5/20 - h**4/2 + 7*h**3/6 - 7*h**2/2 - 13*h. Determine l(5).
3
Suppose 3*i = v - 7, -i - 14 = 3*v + 5. Suppose 3*k + 4*z - 15 = 0, 2*k - 12 = -k - 5*z. Let r(s) = -s - 4*s - k - 2*s + 6*s. Determine r(v).
-4
Suppose -5*z - 2*o = -11, 3*z = -0*z - 5*o + 18. Let b(p) = -z + 0*p + 2*p - p. Let d = 4 + -4. What is b(d)?
-1
Let y(q) be the third derivative of -q**8/10080 + q**6/720 - q**5/30 + 6*q**2. Let p(v) be the third derivative of y(v). Determine p(1).
-1
Let i(u) = -u**3 + 5*u**2 - 6*u + 2. Let n be (-4)/((-4)/4 + 0). Determine i(n).
-6
Let w(s) = s**2 - 4*s + 2. Let g = -152 + 156. Determine w(g).
2
Let k(w) = 8*w**2 - 5*w**2 - 3*w**2 + w - 12 - w**2. Suppose 7 = 4*p - 5*o - 3, -p + 3*o + 6 = 0. Give k(p).
-12
Let z(d) = -d + 2. Let b be -4*3*1/(-12). What is z(b)?
1
Let i(f) = 3*f + 13. Let m be i(-6). Suppose 5*l - 4*j + 11 + 10 = 0, 20 = 5*j. 